 are the prime factors of 5254?
2, 37, 71
What are the prime factors of 2369?
23, 103
List the prime factors of 5152.
2, 7, 23
What are the prime factors of 26323?
11, 2393
List the prime factors of 115334.
2, 57667
List the prime factors of 32528.
2, 19, 107
What are the prime factors of 2645?
5, 23
List the prime factors of 42520.
2, 5, 1063
List the prime factors of 43655.
5, 8731
What are the prime factors of 5197?
5197
What are the prime factors of 6791?
6791
What are the prime factors of 1109?
1109
List the prime factors of 9252.
2, 3, 257
What are the prime factors of 155?
5, 31
What are the prime factors of 4711?
7, 673
What are the prime factors of 19?
19
What are the prime factors of 617?
617
What are the prime factors of 484?
2, 11
List the prime factors of 4051.
4051
What are the prime factors of 5759?
13, 443
List the prime factors of 348.
2, 3, 29
What are the prime factors of 18984?
2, 3, 7, 113
What are the prime factors of 109450?
2, 5, 11, 199
List the prime factors of 2337.
3, 19, 41
List the prime factors of 1263.
3, 421
What are the prime factors of 61217?
13, 17, 277
List the prime factors of 169933.
169933
What are the prime factors of 7059?
3, 13, 181
List the prime factors of 18822.
2, 3, 3137
What are the prime factors of 193?
193
List the prime factors of 4745.
5, 13, 73
List the prime factors of 62671.
7, 1279
What are the prime factors of 20765?
5, 4153
What are the prime factors of 46944?
2, 3, 163
What are the prime factors of 123334?
2, 61667
What are the prime factors of 269?
269
What are the prime factors of 3483?
3, 43
List the prime factors of 172383.
3, 37, 1553
What are the prime factors of 5140?
2, 5, 257
List the prime factors of 15397.
89, 173
What are the prime factors of 29437?
29437
What are the prime factors of 8586?
2, 3, 53
List the prime factors of 27921.
3, 41, 227
List the prime factors of 5603.
13, 431
List the prime factors of 31683.
3, 59, 179
List the prime factors of 541.
541
What are the prime factors of 73166?
2, 36583
List the prime factors of 424.
2, 53
List the prime factors of 158971.
43, 3697
List the prime factors of 1100.
2, 5, 11
List the prime factors of 53998.
2, 7, 19, 29
What are the prime factors of 90244?
2, 7, 11, 293
List the prime factors of 32143.
32143
What are the prime factors of 952?
2, 7, 17
List the prime factors of 5234.
2, 2617
List the prime factors of 4771.
13, 367
List the prime factors of 10800.
2, 3, 5
List the prime factors of 2334.
2, 3, 389
List the prime factors of 9425.
5, 13, 29
What are the prime factors of 228?
2, 3, 19
List the prime factors of 3294.
2, 3, 61
List the prime factors of 75419.
53, 1423
What are the prime factors of 16817?
67, 251
List the prime factors of 44753.
44753
What are the prime factors of 18704?
2, 7, 167
What are the prime factors of 2878?
2, 1439
List the prime factors of 11488.
2, 359
What are the prime factors of 1669?
1669
What are the prime factors of 107948?
2, 26987
List the prime factors of 375.
3, 5
What are the prime factors of 48456?
2, 3, 673
What are the prime factors of 6455?
5, 1291
List the prime factors of 538.
2, 269
List the prime factors of 2638.
2, 1319
List the prime factors of 44214.
2, 3, 7369
What are the prime factors of 10937?
10937
List the prime factors of 7208.
2, 17, 53
List the prime factors of 86.
2, 43
What are the prime factors of 22577?
107, 211
What are the prime factors of 413?
7, 59
What are the prime factors of 240?
2, 3, 5
What are the prime factors of 146026?
2, 73013
List the prime factors of 1466.
2, 733
List the prime factors of 47894.
2, 7, 11, 311
List the prime factors of 1523.
1523
What are the prime factors of 67230?
2, 3, 5, 83
List the prime factors of 635.
5, 127
What are the prime factors of 308?
2, 7, 11
What are the prime factors of 2198?
2, 7, 157
What are the prime factors of 30536?
2, 11, 347
What are the prime factors of 15917?
11, 1447
What are the prime factors of 2541?
3, 7, 11
What are the prime factors of 12021?
3, 4007
What are the prime factors of 390?
2, 3, 5, 13
What are the prime factors of 7169?
67, 107
List the prime factors of 13205.
5, 19, 139
List the prime factors of 5320.
2, 5, 7, 19
List the prime factors of 29006.
2, 14503
List the prime factors of 6749.
17, 397
List the prime factors of 24320.
2, 5, 19
What are the prime factors of 10750?
2, 5, 43
What are the prime factors of 140601?
3, 46867
What are the prime factors of 304?
2, 19
What are the prime factors of 3534?
2, 3, 19, 31
What are the prime factors of 13534?
2, 67, 101
What are the prime factors of 76?
2, 19
What are the prime factors of 7384?
2, 13, 71
What are the prime factors of 9967?
9967
What are the prime factors of 19879?
103, 193
List the prime factors of 5345.
5, 1069
List the prime factors of 29503.
163, 181
What are the prime factors of 7195?
5, 1439
What are the prime factors of 7724?
2, 1931
What are the prime factors of 1479?
3, 17, 29
What are the prime factors of 29002?
2, 17, 853
List the prime factors of 59205.
3, 5, 3947
What are the prime factors of 1972?
2, 17, 29
List the prime factors of 59089.
37, 1597
What are the prime factors of 23780?
2, 5, 29, 41
List the prime factors of 592.
2, 37
What are the prime factors of 1146?
2, 3, 191
What are the prime factors of 75?
3, 5
What are the prime factors of 1124?
2, 281
List the prime factors of 710.
2, 5, 71
List the prime factors of 92730.
2, 3, 5, 11, 281
List the prime factors of 3814.
2, 1907
List the prime factors of 1782.
2, 3, 11
What are the prime factors of 45759?
3, 7, 2179
List the prime factors of 14038.
2, 7019
What are the prime factors of 28916?
2, 7229
List the prime factors of 3865.
5, 773
What are the prime factors of 1368?
2, 3, 19
What are the prime factors of 8776?
2, 1097
List the prime factors of 25712.
2, 1607
What are the prime factors of 1280?
2, 5
What are the prime factors of 9668?
2, 2417
What are the prime factors of 18178?
2, 61, 149
What are the prime factors of 63249?
3, 29, 727
What are the prime factors of 55404?
2, 3, 19
List the prime factors of 134590.
2, 5, 43, 313
List the prime factors of 1420.
2, 5, 71
What are the prime factors of 327?
3, 109
What are the prime factors of 4645?
5, 929
What are the prime factors of 954?
2, 3, 53
What are the prime factors of 4810?
2, 5, 13, 37
List the prime factors of 10384.
2, 11, 59
List the prime factors of 1437.
3, 479
What are the prime factors of 13722?
2, 3, 2287
List the prime factors of 2872.
2, 359
What are the prime factors of 63668?
2, 11, 1447
List the prime factors of 1400.
2, 5, 7
List the prime factors of 11215.
5, 2243
List the prime factors of 2233.
7, 11, 29
What are the prime factors of 312?
2, 3, 13
List the prime factors of 715.
5, 11, 13
List the prime factors of 2531.
2531
List the prime factors of 2035.
5, 11, 37
List the prime factors of 16470.
2, 3, 5, 61
What are the prime factors of 16589?
53, 313
What are the prime factors of 654?
2, 3, 109
List the prime factors of 4146.
2, 3, 691
List the prime factors of 1930.
2, 5, 193
What are the prime factors of 179?
179
What are the prime factors of 1515?
3, 5, 101
List the prime factors of 28982.
2, 43, 337
What are the prime factors of 6143?
6143
List the prime factors of 26753.
31, 863
What are the prime factors of 1425?
3, 5, 19
List the prime factors of 20496.
2, 3, 7, 61
What are the prime factors of 42372?
2, 3, 11, 107
List the prime factors of 787.
787
What are the prime factors of 76365?
3, 5, 1697
List the prime factors of 406.
2, 7, 29
List the prime factors of 3665.
5, 733
What are the prime factors of 48812?
2, 12203
What are the prime factors of 49882?
2, 7, 509
List the prime factors of 16526.
2, 8263
List the prime factors of 4350.
2, 3, 5, 29
List the prime factors of 41286.
2, 3, 7, 983
List the prime factors of 15126.
2, 3, 2521
What are the prime factors of 18619?
43, 433
List the prime factors of 18119.
18119
What are the prime factors of 44594?
2, 11, 2027
What are the prime factors of 24?
2, 3
List the prime factors of 4597.
4597
What are the prime factors of 16837?
113, 149
What are the prime factors of 827?
827
What are the prime factors of 148?
2, 37
What are the prime factors of 128459?
19, 6761
List the prime factors of 45748.
2, 11437
W